he prime factors of y?
2, 7
Let t = 48 + -46. Suppose 3*x = -2*w + 21, -2*x - t*w + 16 = -0*w. Suppose -n - 446 = -6*n - 3*m, 15 = -x*m. List the prime factors of n.
7, 13
Let a = 438 + -251. Suppose -207 = 36*b + 2788 + 1541. Let u = b + a. What are the prime factors of u?
61
Suppose -33 = -5*n - 8. Suppose -s + 1515 = 3*s + 3*w, 0 = -n*s - 4*w + 1894. What are the prime factors of s?
2, 3, 7
Let g(h) = 7*h**2 + 8*h - 5. Let b = 90 - 88. Let x be g(b). Let u = x - -34. List the prime factors of u.
73
Let n = -4558 - -7889. List the prime factors of n.
3331
Let k(i) = 245*i**2 - 61*i + 171. List the prime factors of k(3).
3, 17, 43
Suppose -29*l = -38*l + 32319. What are the prime factors of l?
3, 7, 19
Suppose -218 = -n - 85. Suppose 10696 = -105*s + n*s. What are the prime factors of s?
2, 191
Let d be (-9)/3 + (0 - -24). Let c be (-9356)/(-14) - 6/d. Suppose 0 = -7*n - 136 + c. List the prime factors of n.
2, 19
Let l = -177 + 176. What are the prime factors of (-20 + -882)*(-2)/(-2)*l?
2, 11, 41
Let b(q) = -q**2 + 2*q + 71. Let g be b(-7). Let j(i) = 29*i + 204. List the prime factors of j(g).
2, 109
Let t(h) = h**2 - 35*h + 27. Let n be t(34). List the prime factors of 847 + n/(14/(-10)).
2, 3, 71
Let t = -5636 - -8752. What are the prime factors of t?
2, 19, 41
Suppose 3*k + 21*k - 4248 = 0. Let h = 533 + k. List the prime factors of h.
2, 5, 71
Let p be 17 + 2*(1 + (-6)/4). List the prime factors of -4*(-1374)/32*p/12.
229
Let z be (7/(4 + -3))/1. Suppose -a = p - 158, z*a - 8*a = 2*p - 163. List the prime factors of a.
3, 17
Suppose -3*z + b = -4*z + 2, -3*z = b - 10. What are the prime factors of (z*65)/2 + -58 + 54?
2, 3, 7
Let m = 440 + -45. Let h = m - 271. List the prime factors of h.
2, 31
Suppose -263*t = -262*t + 12. What are the prime factors of (8*4*5)/(t/(-30))?
2, 5
Let o be (-54)/(-45)*(0 + 30/9). Suppose 0 = -c + o*h + 34, -3 = 3*h - 18. Suppose -3*y + 138 = c. What are the prime factors of y?
2, 7
Let w(q) = 10*q**2 + 2*q + 2. Let y(n) = -4*n + 86. Let p be y(20). What are the prime factors of w(p)?
2, 11, 17
Suppose -2*n = 4*r - 2, -r + 4*n - 3 = n. List the prime factors of (129/2 + r)*(-11 - -13).
3, 43
Let h be ((-1)/2)/(-2*(-6)/(-72)). List the prime factors of (12010/(-15))/((-2)/h).
1201
Suppose -21*l = -15*l. Suppose l = -a + 3*r - 8*r + 168, -4*a + 782 = -2*r. List the prime factors of a.
193
Let l = 715 - 697. Suppose 5*x + 168 = 618. Suppose 15*f = l*f - x. List the prime factors of f.
2, 3, 5
Let s(d) = -d**3 - 10*d**2 - 2*d - 36. Suppose 2*b - 9 = k + b, k + 13 = -b. List the prime factors of s(k).
107
Let g(p) be the first derivative of -29*p**5/20 + p**3/3 - 3*p - 35. Let x(f) be the first derivative of g(f). List the prime factors of x(-2).
2, 3, 19
Suppose n - 4*x = 3*n - 38276, -4*n + 76510 = x. What are the prime factors of n?
2, 73, 131
Suppose 3*u - 30853 = 2*c, 21*c - 25*c - 20 = 0. List the prime factors of u.
3, 23, 149
Let l(w) = w**3 - 22*w**2 + 15*w - 61. Let o be l(23). Suppose o + 1842 = 4*m + 5*b, -5*b = 3*m - 1990. What are the prime factors of m?
5, 7, 19
List the prime factors of 1707*2 + (3 + -2 - 4).
3, 379
Let r(o) = -8*o**3 + 3*o. Let a be r(-2). Let k = 110 - a. What are the prime factors of k?
2, 13
Let b(f) = -2*f**3 + 1. Let u be b(-1). Let t be 1 + -3 - (u - (3 + 3)). Let q(h) = 47*h**2 + h - 1. List the prime factors of q(t).
47
Suppose -4*h - 5*g + 200812 = 0, -4*h + 6042 = -3*g - 194706. List the prime factors of h.
3, 11, 13
Suppose -i + 5 = 0, 4*i - 43 = -5*u - 13. Suppose g - 336 = -u*g. Suppose 0 = -3*k - o + g, 0*o = -o + 4. What are the prime factors of k?
2, 3
Suppose 2*m - 3*v - 389 = 0, -18 - 2 = 4*v. Let c = 429 - m. What are the prime factors of c?
2, 11
Suppose 82*m + 98*m + 1236836 = 241*m. List the prime factors of m.
2, 37, 137
Let h = 724 + -722. Suppose -t + 0*x - 2*x + 1433 = 0, -3*t = -h*x - 4315. What are the prime factors of t?
3, 479
Let y = -552 + 554. Suppose y*f + 4*h - 646 = 0, -7*f = -5*f + h - 652. List the prime factors of f.
3, 109
Let a be (1 + 9)/((-16)/(-336)). Let j = 28 - a. Let y = 271 + j. List the prime factors of y.
89
Suppose 22*w - 91398 = 153528. List the prime factors of w.
3, 1237
Suppose -c + 11 - 3 = 0. Let p be 116/6*6*4/c. Let u = 290 - p. What are the prime factors of u?
2, 29
Let x = -37477 - -52595. List the prime factors of x.
2, 7559
Let s(j) = 2*j + 14. Let q be s(-7). Suppose -z - 82 - 136 = q. Let n = -109 - z. List the prime factors of n.
109
What are the prime factors of 2*((-32)/20)/(16/(-335840))?
2, 2099
Let h(p) = -2*p**2 - p + 3. Let r be h(-3). Let i = -5380 - -5391. What are the prime factors of 3 + i/(-3) + (-920)/r?
2, 19
Suppose 4*l = m + 44556, 2*l - 4*m + 4426 = 26690. List the prime factors of l.
2, 5, 557
Let j(t) = 175*t + 2. Let p be j(3). Let c = -20773 + 20465. Let d = p + c. List the prime factors of d.
3, 73
Let d(u) be the third derivative of 5*u**4/4 + 11*u**3 + 13*u**2 + u. List the prime factors of d(5).
2, 3
Suppose -w + 255 = -4*i + 9645, -3*w + 7035 = 3*i. Let k = i - 745. What are the prime factors of ((-1)/2)/((-9)/k)?
89
What are the prime factors of (218889/242)/(-3*2/(-16)) + 5?
2417
Let j be -23 - (-8 + -2 + 5). Suppose -b - 31 = -4*p, -2*b = -b + 2*p + 25. Let q = j - b. List the prime factors of q.
3
Suppose -o = -5*o + 3*g + 14068, -2*g = -8. What are the prime factors of (6/1)/(24/o)?
2, 5, 11
Let t(v) = -2*v**3 + 3*v**2 - 4. Let k be t(4). Let d = -34 - k. Suppose 9*f = 265 + d. What are the prime factors of f?
5, 7
Let z(m) = -m + 21. Suppose -5*g - 3*p + 15 = 0, -3*g + 0 = 3*p - 15. Let s be z(g). Suppose -s*v + 91 = -20*v. List the prime factors of v.
7, 13
Suppose 0 = 14*f - 9*f - 50. Let t(q) = 50*q - 54. Let m be t(f). Suppose -6*b + m + 502 = 0. What are the prime factors of b?
2, 79
Suppose 10*p - 85 - 1215 = 0. Let c = p + 995. What are the prime factors of c?
3, 5
Let s = 302 + 180. List the prime factors of 3/6*s + -1.
2, 3, 5
Let x(t) = 2*t**3 - 2*t**2 + 9*t - 86. What are the prime factors of x(21)?
11, 1613
Suppose 2*t + 8776 = -d, 3*t = -3*t - 24. List the prime factors of (-36)/(-306) - d/34.
2, 3, 43
Let o(s) = -s**3 + s**2 + s + 1. Let w be o(-1). Suppose w*g - 30 = j, j + 33 = 3*g - 1. Let t = j + 42. List the prime factors of t.
2, 5
Let r = 18997 - 3460. What are the prime factors of r?
3, 5179
Let z = 142 - 204. Let m = z + 181. List the prime factors of m.
7, 17
Let i be ((-18342)/(-4))/(1/2). List the prime factors of i/9 + -2 + -8.
1009
Let w = -317 - -323. List the prime factors of ((-2)/5)/(w - (-9877)/(-1645)).
2, 47
Let r(n) = -11*n + 33 - 4*n - 47. Let c be r(-5). Suppose -170 = -3*b - i, -3*i - c = -b + i. What are the prime factors of b?
3, 19
Suppose 0*w + 3*w + 2*i + 567 = 0, -w = -5*i + 172. Let a(z) = z**2 + 4*z + 5. Let b be a(0). Let m = b - w. What are the prime factors of m?
2, 3
Let i(j) = -2*j**2 - 5*j - 14. Let f be i(-6). Let x be (-928)/f + (-6)/(-14). Suppose x*w = 15*w + 380. What are the prime factors of w?
2, 5, 19
Let h(n) = -702*n**3 - 2*n**2 - 2*n + 1. Suppose -7 = -3*v - 10. What are the prime factors of h(v)?
19, 37
Let z(y) = y**2 - 7*y - 98. Let q be z(14). Suppose -2*h - p + 1637 = 70, -5*h + 5*p + 3895 = q. What are the prime factors of h?
2, 17, 23
Suppose -t + 3*t = -2*f + 4, 0 = -3*f + 3*t + 24. Suppose 4*r - f*p = 1286, 3*r = 8*r - 2*p - 1616. List the prime factors of r.
2, 3
Let w(s) be the first derivative of 3*s**4/2 - s**3/3 + 3*s**2/2 + 2*s - 53. What are the prime factors of w(2)?
2, 13
Let n = -4736 - -7564. Let g = n - 1999. What are the prime factors of g?
829
Suppose 108*c - 5199 = 105*c. What are the prime factors of c?
1733
Let l(g) = -3*g**2 + 30*g - 111. Let x(t) = 2*t**2 - 29*t + 108. Let k(m) = -3*l(m) - 4*x(m). List the prime factors of k(-38).
3, 7, 17
Let f(g) = 27*g**2 + 18*g + 37. Let c be f(-10). Suppose 3*d - 1916 - c = 0. List the prime factors of d.
3, 7, 71
Let i(k) be the first derivative of -k**3/3 - 15*k**2 + 33*k - 86. List the prime factors of i(-19).
2, 11
Suppose 2 = -z + 2*q, 3*z + 3*q + q = 24. What are the prime factors of (-7896)/(-32) + 5 - (-5)/z?
11, 23
Suppose -68612 - 100936 - 55600 = -22*s. List the prime factors of s.
2, 7, 17, 43
What are the prime factors of (-10 + (2 - 